of i?
2
Suppose -17*u + 456 = -2264. What is the hundreds digit of u?
1
Suppose 0 = -6*q + q. Suppose 3*s + 5*t - 1 - 3 = 0, q = s + t - 4. Let u = s + -7. What is the units digit of u?
1
Suppose -4*i + 74 = 14. Let g be (-1)/3 - i/9. What is the units digit of g*((-3)/2 + 1)?
1
Let q(f) be the second derivative of f**3/6 - 5*f**2/2 - 2*f. Let v be q(5). Suppose v*n + 3*n = 18. What is the units digit of n?
6
Let j be (2/2 - 0) + 1. Let x be (1/j)/(3/108). Let z = x + -9. What is the units digit of z?
9
What is the hundreds digit of (44/(-6)*48)/(1 + -2)?
3
Let b be (-5 - 1)/((-2)/8). Suppose b = 4*a + 4. Suppose z - a = -2*n + n, -4*z = n - 14. What is the units digit of z?
3
Let r = -15 + 42. What is the tens digit of r?
2
Let y = -58 - -168. What is the hundreds digit of y?
1
Suppose -x - 48 = -5*x. Let q be (-14)/12 + 2/x. Let n = 3 + q. What is the units digit of n?
2
Let o(p) be the first derivative of 3*p**2/2 - p - 1. Suppose 5*a + 0*a - 5 = 0. What is the units digit of o(a)?
2
Let a(x) = -6*x + 13. What is the tens digit of a(-10)?
7
Let a = 15 - -39. What is the units digit of a?
4
Let l(p) = -p**2 - 8*p - 9. Suppose 4*a - 3*k + 40 = 0, -2*k + 0*k + 43 = -5*a. Let b be l(a). What is the units digit of -2 + 6 + 0 + b?
2
Let u(t) = t**3 - 3*t**2 - 3*t - 5. Let i be u(4). What is the tens digit of (0 + 1)*(24 + i)?
2
Let n be ((-24)/(-20))/(6/40). Suppose -n + 2 = -2*b. What is the units digit of b?
3
Suppose -31 - 33 = 4*p. What is the units digit of (2/4)/(p/(-32))?
1
What is the tens digit of (-416)/(-10) + 3/(-5)?
4
What is the units digit of 1/(-2)*-12*5?
0
Let z(b) = 2*b + 2. Let u be z(0). Let d = u + 4. What is the units digit of d?
6
Let k = 14 + -20. Let l(r) = -2*r - 9. What is the units digit of l(k)?
3
Let a(c) = -c**2 + 9*c - 7. Let n be a(8). Let u be ((-5)/4)/(n/(-4)). Suppose u*d = 4*j - 72, 14 - 59 = -5*j - 5*d. What is the units digit of j?
3
Let x(w) be the third derivative of 1/120*w**6 + 1/12*w**5 + 1/6*w**3 + 1/6*w**4 + w**2 + 0*w + 0. What is the units digit of x(-4)?
1
Let s be 51/(-12) - (-2)/8. What is the tens digit of 2*s*35/(-14)?
2
Suppose 4*c - 9 = -3*t - 0*c, 3*t + 3*c = 9. Suppose -27 = 3*n + t*s, n - 4*n + 3*s = 9. Let z(x) = x**2 + 6*x + 3. What is the units digit of z(n)?
3
Let j(v) = 8*v**2 + v + 1. What is the units digit of j(-3)?
0
Suppose 0*n = 2*n - 84. What is the tens digit of n?
4
Suppose 0 = -8*f + 16*f - 2856. What is the hundreds digit of f?
3
Let l be 9 + 1/(-2)*0. Suppose 3*v + 3 = r, 2*r + 2*r = -3*v + 12. What is the tens digit of l - (-1 - 1) - v?
1
Let u be 5/(-2)*(-3 + -3). Suppose -t + 21 + u = 0. What is the units digit of t?
6
Let q(t) = -4*t**2 - 3*t - 6. Let n(w) = -5*w**2 - 4*w - 7. Let d(z) = -5*n(z) + 6*q(z). What is the units digit of d(1)?
2
Let l(m) = 2*m**2 - m - 2. Let w be -1 - (-3)/(-1)*-1. Let b be l(w). Let c = -3 + b. What is the units digit of c?
1
Suppose 14*b - 174 = 8*b. What is the units digit of b?
9
Let w be (6/3)/((-4)/(-50)). What is the tens digit of (-59)/(-5) - (-5)/w?
1
Suppose 68 = v + 2. What is the tens digit of v?
6
Let g be (15/9)/((-1)/(-30)). Suppose -g = 3*m - 2*x, -45 = -0*m + 3*m + 3*x. Let p = -11 - m. What is the units digit of p?
5
Let u(t) = t**2 - t + 1. Let p be u(2). Let w be (-1 - -4) + (-5)/5. Suppose -p*k = w*s - 2*k - 17, s + k - 8 = 0. What is the units digit of s?
9
Let n(x) = x**3 - 5*x**2 + 4. Let h be n(5). What is the units digit of (h + -9)*(-6)/10?
3
Let z(k) = -k**3 + k**2 + k + 41. What is the tens digit of z(0)?
4
Let w = 121 - 53. Suppose 0*m = 4*m - w. What is the units digit of m?
7
Let r = -9 + -4. Let w = -10 - r. What is the units digit of w?
3
Let w be 1*(3 + 0)/(-3). Let d be (-1 - w)*1/(-2). Suppose -5*q + d*q = -5. What is the units digit of q?
1
Suppose 5*v - 255 = -5*i, -5*i = v - 153 - 114. What is the tens digit of i?
5
Let f be (-2)/(-4)*(0 + -14). What is the units digit of f/(-14) + (-2)/(-4)?
1
Let z(a) = 5*a**2 + 45*a - 15. Let v(s) = s**2 + 11*s - 4. Let i(l) = -9*v(l) + 2*z(l). Let g be i(5). Let f = 27 + g. What is the units digit of f?
3
Suppose -3*d - 3*q - 470 = -7*d, d - 126 = 5*q. What is the tens digit of d?
1
Suppose d = -2*d + 9. Let x be 20/d*(-12)/(-10). Suppose -3*b + 17 = 5*u, -3*u + x = -7*u. What is the units digit of b?
9
Let z = 666 + -374. What is the units digit of z?
2
Let z be 88/(-6) - 6/(-9). Suppose 2*g + 6 = -3*c + c, -3*g + 26 = -2*c. Let r = c - z. What is the units digit of r?
7
Let m(o) = o**2 - 15*o + 13. What is the tens digit of m(16)?
2
Let d be (-56)/40 - 6/10. What is the units digit of 32/(-24)*3/d?
2
Let i = 139 - 6. What is the tens digit of i?
3
Let b = -3 - -7. Suppose -b*k + 15 = 3*g, 3*g - 2*g + k = 5. Suppose 0 = -q + g*q - 20. What is the units digit of q?
5
Let b be (-2)/4 - (-9)/(-2). Let u = b + 8. Let n = u - -11. What is the units digit of n?
4
Let j(b) = -b**2 - 10*b - 9. Suppose l - g = 3*g + 12, 2*g = -4*l - 42. What is the units digit of j(l)?
7
Suppose -y + 20 = -0*x + 5*x, -5*y - 2*x = -146. What is the units digit of y?
0
Let u = 64 + -35. What is the units digit of u?
9
Let y(z) = -z + 14. Let r be y(11). Suppose -g + 12 = r*g. Suppose -t - 8 = -3*i - g, -3*t + 24 = 4*i. What is the units digit of t?
4
Suppose -4*o + 9 = -o, -3*o - 443 = -4*i. Suppose -4*x - 3*n = -i, 5*x = 2*n - 7*n + 135. What is the tens digit of x?
3
Suppose -3*a + i + 69 = -3*i, -2*i = 6. What is the tens digit of a?
1
Suppose 2*d - 93 = 233. What is the tens digit of d?
6
Let c(w) = -w**3 - 14*w**2 - 13*w + 7. What is the tens digit of c(-14)?
8
Suppose 5*v = 8*v - 435. What is the tens digit of v?
4
Let r(k) = k**2 - 6*k + 3*k + 3*k - 7*k - 5. Let b be r(7). Let o = -2 - b. What is the units digit of o?
3
Let r = -1 - 1. What is the units digit of ((-28)/10)/(r/5)?
7
Let n(f) = -2*f**3 + 2*f**2 + f - 2. Let l be -2*((-2)/(-1) - 1). What is the units digit of n(l)?
0
Let w be (6/(-9))/((-3)/18). Suppose 0 = -w*h - 4 + 112. What is the tens digit of h?
2
Let x(b) = -b**2 + 9*b - 2. Let j be x(8). Suppose -8*c + j = -4*c - 2*p, -5*c = 2*p - 21. Let m = 4 + c. What is the units digit of m?
7
Let u be (-4)/(-16) - (-7)/4. Suppose -5*c + 6 = -v, -16 = -u*c - v - 2*v. What is the units digit of c?
2
Let s = 152 - 235. Let n = s + 133. Let l = -35 + n. What is the units digit of l?
5
Let k = 29 + -40. Let a = k - -7. Let o = a + 14. What is the tens digit of o?
1
Suppose -k + 0*k + 3 = 0. Suppose 0 = q - 154 + 160. What is the units digit of (-92)/q + k/(-9)?
5
Suppose -4*x + 0*g = -4*g + 112, 0 = -x - 3*g - 16. What is the units digit of (-30)/x*10/4?
3
Suppose 5 - 20 = -4*l + o, -2*o - 14 = -4*l. Suppose 3*y = l*z - 184, -4*y = -5*z - y + 230. What is the tens digit of z?
4
Let w(f) = -40*f**2 + 3*f + 2. Let a be w(-1). Let s = a - -61. What is the units digit of s?
0
What is the units digit of (6/(-14))/(6/(-42))?
3
Let b = 12 + 45. What is the tens digit of b?
5
Suppose 0 = -2*i - 2*g + g - 23, 3*i = 5*g - 15. Let m = i - -26. What is the tens digit of m?
1
Let b(o) = 5*o**2 - 1. Let c be b(-1). Let j = c - 3. What is the units digit of ((-15)/6 + j)*-2?
3
Let s(f) = f**2 - f + 4. Let n be s(-4). Let d = 1 + 1. Suppose -d*p = -n + 2. What is the tens digit of p?
1
Let r be 6/(-4)*(-2 + 0). Let s = 9 + -6. Suppose r*y + s = 21. What is the units digit of y?
6
Suppose x - 2*j + 7 = -7, x = 3*j - 18. Let n = x - -11. Let u = 2 + n. What is the units digit of u?
7
Let w(z) = -3*z. Let c be w(-1). Let u be c/(3*1/3). Suppose -5*a - u*s + 50 = 0, 43 = 5*a - s + 13. What is the units digit of a?
7
Suppose -3*l = -4*q + 191 + 50, 300 = 5*q - 4*l. What is the units digit of q?
4
Let o(j) = -j**2 + 2*j + 3. Let x be 8/(-2)*(-1)/(-2). Let f be o(x). Let s = -4 - f. What is the units digit of s?
1
Let s(h) = -h**3 + 7*h**2 - 8*h + 23. What is the units digit of s(6)?
1
Let i = -122 + 160. What is the units digit of i?
8
Suppose 0 = -2*i + 5*g + 16 + 1, 4*i + 4*g - 20 = 0. Let l(q) = -q**3 - 8*q**2 + 2*q + 7. Let b be l(-8). What is the units digit of (-4*3)/(b/i)?
8
Suppose -27 = -4*t + 5. Let y = t + -4. Suppose 5*r - 49 = -4*z, y*r = -2*z - 0*r + 26. What is the tens digit of z?
1
Let w = -8 + 6. Let g(s) = -3*s - 6. Let o(n) = 7*n + 11. Let u(v) = -7*g(v) - 4*o(v). What is the